{"id":2027,"date":"2017-09-08T13:40:03","date_gmt":"2017-09-08T12:40:03","guid":{"rendered":"https:\/\/www.berger.ca\/es\/?page_id=2027"},"modified":"2017-11-06T21:32:06","modified_gmt":"2017-11-06T20:32:06","slug":"expo-agro-alimentaria","status":"publish","type":"page","link":"https:\/\/www.berger.ca\/es\/recursos-para-los-productores\/seminarios-tecnicos-y-eventos\/expo-agro-alimentaria\/","title":{"rendered":"Expo Agro Alimentaria 2017"},"content":{"rendered":"<div class=\"wysiwyg-row\"><br \/>\n<div class=\"column-9\"><\/p>\n<h2>Experimente el ADN de los expertos en medios de cultivo en realidad virtual<\/h2>\n<p>Desde una <strong>experiencia de un turbal de 360\u00b0<\/strong> hasta mesas de cultivo en vivo, la Expo Agro Alimentaria ser\u00e1 completamente multisensorial en Berger. En el <strong>estand n.\u00b0 342,<\/strong> se exhibir\u00e1n los procesos de <strong>producci\u00f3n m\u00e1s rigurosos<\/strong> que producen los resultados de cultivo de la m\u00e1s alta calidad.<br \/>\nSiempre vale la pena invertir tiempo para obtener mejores m\u00e1rgenes.<\/p>\n<h3 style=\"color: #88ac2e;font-size: 26px;line-height: 28px\">\u00bfD\u00f3nde?<\/h3>\n<p>Booth #342| Centro de negocio <span style=\"line-height: 14px\">\u00a0|<br \/>\nCarreta Irapuato &#8211;\u00a0Abasolo KM 6.5<br \/>\nIrapuato, Guanajuato, M\u00e9xico<br \/>\n<\/span><\/p>\n<p>&nbsp;<\/p>\n<h3 style=\"color: #88ac2e;font-size: 26px\">\u00bfCu\u00e1ndo?<\/h3>\n<p>Del 14 al 17 de noviembre de 2017 |<br \/>\nDe 10 a.m. a 6 p.m.<\/p>\n<p>&nbsp;<\/p>\n<h3 style=\"color: #88ac2e;font-size: 26px;line-height: 28px\">EXPERIENCIA<\/h3>\n<p>Como la innovaci\u00f3n est\u00e1 en el ADN de Berger, uno de nuestros expertos har\u00e1 una presentaci\u00f3n de 60 minutos titulada <strong>\u201cM\u00e9todos rentables para aumentar sus m\u00e1rgenes al producir plantas j\u00f3venes\u201d<\/strong> el Sal\u00f3n de Conferencias B, a las 5 p.m. \u00a1No puede perd\u00e9rsela!<\/p>\n<p><\/div><\/p>\n<p><div class=\"column-3\"><\/p>\n<p>&nbsp;<\/p>\n<p><a class=\"button\" href=\"http:\/\/expoagrogto.com.mx\/visitors\/index\" target=\"_blank\" rel=\"noopener noreferrer\">Inscr\u00edbase para el evento ahora <\/a><\/p>\n<p><a class=\"button\" href=\"https:\/\/fr.surveymonkey.com\/r\/irapuato17\" target=\"_blank\" rel=\"noopener noreferrer\">Inscr\u00edbase para el<br \/>\nhora feliz de Berger<\/a><\/p>\n<h3>\u00a1Nos vemos en Irapuato!<\/h3>\n<p><\/div><br \/>\n<\/div>\n<a class=\"fancybox-media video wysiwyg-vid\" href=\"https:\/\/vimeo.com\/232974757\/3f98c1e2ca\"><div class=\"single-tile\" style=\"background-image: url(https:\/\/www.berger.ca\/en\/wp-content\/uploads\/sites\/2\/2017\/05\/video_teaser360.jpg)\"><div class=\"overlay\"><\/div><div class=\"vert-center\"><div class=\"sm-title green icon-berger-video-icon\">Video<\/div><div class=\"md-title\"><\/div><\/div><\/div><\/a>\n<div class=\"wysiwyg-quotes\"><span style=\"color: #ffffff;font-size: 17pt\">Especialista en el arte de las mezclas para cultivos<\/span><\/div>\n","protected":false},"excerpt":{"rendered":"","protected":false},"author":2,"featured_media":0,"parent":267,"menu_order":0,"comment_status":"closed","ping_status":"closed","template":"","meta":{"_acf_changed":false,"footnotes":""},"class_list":["post-2027","page","type-page","status-publish","hentry"],"acf":[],"yoast_head":"<!-- This site is optimized with the Yoast SEO plugin v27.4 - https:\/\/yoast.com\/product\/yoast-seo-wordpress\/ -->\n<title>Expo Agro Alimentaria 2017 - Berger - ES<\/title>\n<meta name=\"robots\" content=\"index, follow, max-snippet:-1, max-image-preview:large, max-video-preview:-1\" \/>\n<link rel=\"canonical\" href=\"https:\/\/www.berger.ca\/es\/recursos-para-los-productores\/seminarios-tecnicos-y-eventos\/expo-agro-alimentaria\/\" \/>\n<meta property=\"og:locale\" content=\"es_ES\" \/>\n<meta property=\"og:type\" content=\"article\" \/>\n<meta property=\"og:title\" content=\"Expo Agro Alimentaria 2017 - Berger - ES\" \/>\n<meta property=\"og:url\" content=\"https:\/\/www.berger.ca\/es\/recursos-para-los-productores\/seminarios-tecnicos-y-eventos\/expo-agro-alimentaria\/\" \/>\n<meta property=\"og:site_name\" content=\"Berger - ES\" \/>\n<meta property=\"article:publisher\" content=\"https:\/\/www.facebook.com\/berger.ca\/\" \/>\n<meta property=\"article:modified_time\" content=\"2017-11-06T20:32:06+00:00\" \/>\n<meta name=\"twitter:card\" content=\"summary_large_image\" \/>\n<meta name=\"twitter:site\" content=\"@berger_ca\" \/>\n<meta name=\"twitter:label1\" content=\"Tiempo de lectura\" \/>\n\t<meta name=\"twitter:data1\" content=\"1 minuto\" \/>\n<script type=\"application\/ld+json\" class=\"yoast-schema-graph\">{\"@context\":\"https:\\\/\\\/schema.org\",\"@graph\":[{\"@type\":\"WebPage\",\"@id\":\"https:\\\/\\\/www.berger.ca\\\/es\\\/recursos-para-los-productores\\\/seminarios-tecnicos-y-eventos\\\/expo-agro-alimentaria\\\/\",\"url\":\"https:\\\/\\\/www.berger.ca\\\/es\\\/recursos-para-los-productores\\\/seminarios-tecnicos-y-eventos\\\/expo-agro-alimentaria\\\/\",\"name\":\"Expo Agro Alimentaria 2017 - Berger - ES\",\"isPartOf\":{\"@id\":\"https:\\\/\\\/www.berger.ca\\\/es\\\/#website\"},\"datePublished\":\"2017-09-08T12:40:03+00:00\",\"dateModified\":\"2017-11-06T20:32:06+00:00\",\"breadcrumb\":{\"@id\":\"https:\\\/\\\/www.berger.ca\\\/es\\\/recursos-para-los-productores\\\/seminarios-tecnicos-y-eventos\\\/expo-agro-alimentaria\\\/#breadcrumb\"},\"inLanguage\":\"es\",\"potentialAction\":[{\"@type\":\"ReadAction\",\"target\":[\"https:\\\/\\\/www.berger.ca\\\/es\\\/recursos-para-los-productores\\\/seminarios-tecnicos-y-eventos\\\/expo-agro-alimentaria\\\/\"]}]},{\"@type\":\"BreadcrumbList\",\"@id\":\"https:\\\/\\\/www.berger.ca\\\/es\\\/recursos-para-los-productores\\\/seminarios-tecnicos-y-eventos\\\/expo-agro-alimentaria\\\/#breadcrumb\",\"itemListElement\":[{\"@type\":\"ListItem\",\"position\":1,\"name\":\"Recursos para los productores\",\"item\":\"https:\\\/\\\/www.berger.ca\\\/es\\\/recursos-para-los-productores\\\/\"},{\"@type\":\"ListItem\",\"position\":2,\"name\":\"Seminarios t\u00e9cnicos y eventos\",\"item\":\"https:\\\/\\\/www.berger.ca\\\/es\\\/recursos-para-los-productores\\\/seminarios-tecnicos-y-eventos\\\/\"},{\"@type\":\"ListItem\",\"position\":3,\"name\":\"Expo Agro Alimentaria 2017\"}]},{\"@type\":\"WebSite\",\"@id\":\"https:\\\/\\\/www.berger.ca\\\/es\\\/#website\",\"url\":\"https:\\\/\\\/www.berger.ca\\\/es\\\/\",\"name\":\"Berger - ES\",\"description\":\"Un site utilisant Sites Berger\",\"publisher\":{\"@id\":\"https:\\\/\\\/www.berger.ca\\\/es\\\/#organization\"},\"potentialAction\":[{\"@type\":\"SearchAction\",\"target\":{\"@type\":\"EntryPoint\",\"urlTemplate\":\"https:\\\/\\\/www.berger.ca\\\/es\\\/?s={search_term_string}\"},\"query-input\":{\"@type\":\"PropertyValueSpecification\",\"valueRequired\":true,\"valueName\":\"search_term_string\"}}],\"inLanguage\":\"es\"},{\"@type\":\"Organization\",\"@id\":\"https:\\\/\\\/www.berger.ca\\\/es\\\/#organization\",\"name\":\"Berger\",\"url\":\"https:\\\/\\\/www.berger.ca\\\/es\\\/\",\"logo\":{\"@type\":\"ImageObject\",\"inLanguage\":\"es\",\"@id\":\"https:\\\/\\\/www.berger.ca\\\/es\\\/#\\\/schema\\\/logo\\\/image\\\/\",\"url\":\"https:\\\/\\\/www.berger.ca\\\/es\\\/wp-content\\\/uploads\\\/sites\\\/3\\\/2016\\\/07\\\/berger_logo_coul_seul.png\",\"contentUrl\":\"https:\\\/\\\/www.berger.ca\\\/es\\\/wp-content\\\/uploads\\\/sites\\\/3\\\/2016\\\/07\\\/berger_logo_coul_seul.png\",\"width\":1257,\"height\":1156,\"caption\":\"Berger\"},\"image\":{\"@id\":\"https:\\\/\\\/www.berger.ca\\\/es\\\/#\\\/schema\\\/logo\\\/image\\\/\"},\"sameAs\":[\"https:\\\/\\\/www.facebook.com\\\/berger.ca\\\/\",\"https:\\\/\\\/x.com\\\/berger_ca\",\"https:\\\/\\\/www.instagram.com\\\/bergermixes\\\/\",\"https:\\\/\\\/www.linkedin.com\\\/company\\\/berger-peat-moss-ltd-\\\/\",\"https:\\\/\\\/www.pinterest.com\\\/bergerpeatmoss\\\/\",\"https:\\\/\\\/www.youtube.com\\\/user\\\/tourbieresberger\"]}]}<\/script>\n<!-- \/ Yoast SEO plugin. -->","yoast_head_json":{"title":"Expo Agro Alimentaria 2017 - Berger - ES","robots":{"index":"index","follow":"follow","max-snippet":"max-snippet:-1","max-image-preview":"max-image-preview:large","max-video-preview":"max-video-preview:-1"},"canonical":"https:\/\/www.berger.ca\/es\/recursos-para-los-productores\/seminarios-tecnicos-y-eventos\/expo-agro-alimentaria\/","og_locale":"es_ES","og_type":"article","og_title":"Expo Agro Alimentaria 2017 - Berger - ES","og_url":"https:\/\/www.berger.ca\/es\/recursos-para-los-productores\/seminarios-tecnicos-y-eventos\/expo-agro-alimentaria\/","og_site_name":"Berger - ES","article_publisher":"https:\/\/www.facebook.com\/berger.ca\/","article_modified_time":"2017-11-06T20:32:06+00:00","twitter_card":"summary_large_image","twitter_site":"@berger_ca","twitter_misc":{"Tiempo de lectura":"1 minuto"},"schema":{"@context":"https:\/\/schema.org","@graph":[{"@type":"WebPage","@id":"https:\/\/www.berger.ca\/es\/recursos-para-los-productores\/seminarios-tecnicos-y-eventos\/expo-agro-alimentaria\/","url":"https:\/\/www.berger.ca\/es\/recursos-para-los-productores\/seminarios-tecnicos-y-eventos\/expo-agro-alimentaria\/","name":"Expo Agro Alimentaria 2017 - Berger - ES","isPartOf":{"@id":"https:\/\/www.berger.ca\/es\/#website"},"datePublished":"2017-09-08T12:40:03+00:00","dateModified":"2017-11-06T20:32:06+00:00","breadcrumb":{"@id":"https:\/\/www.berger.ca\/es\/recursos-para-los-productores\/seminarios-tecnicos-y-eventos\/expo-agro-alimentaria\/#breadcrumb"},"inLanguage":"es","potentialAction":[{"@type":"ReadAction","target":["https:\/\/www.berger.ca\/es\/recursos-para-los-productores\/seminarios-tecnicos-y-eventos\/expo-agro-alimentaria\/"]}]},{"@type":"BreadcrumbList","@id":"https:\/\/www.berger.ca\/es\/recursos-para-los-productores\/seminarios-tecnicos-y-eventos\/expo-agro-alimentaria\/#breadcrumb","itemListElement":[{"@type":"ListItem","position":1,"name":"Recursos para los productores","item":"https:\/\/www.berger.ca\/es\/recursos-para-los-productores\/"},{"@type":"ListItem","position":2,"name":"Seminarios t\u00e9cnicos y eventos","item":"https:\/\/www.berger.ca\/es\/recursos-para-los-productores\/seminarios-tecnicos-y-eventos\/"},{"@type":"ListItem","position":3,"name":"Expo Agro Alimentaria 2017"}]},{"@type":"WebSite","@id":"https:\/\/www.berger.ca\/es\/#website","url":"https:\/\/www.berger.ca\/es\/","name":"Berger - ES","description":"Un site utilisant Sites Berger","publisher":{"@id":"https:\/\/www.berger.ca\/es\/#organization"},"potentialAction":[{"@type":"SearchAction","target":{"@type":"EntryPoint","urlTemplate":"https:\/\/www.berger.ca\/es\/?s={search_term_string}"},"query-input":{"@type":"PropertyValueSpecification","valueRequired":true,"valueName":"search_term_string"}}],"inLanguage":"es"},{"@type":"Organization","@id":"https:\/\/www.berger.ca\/es\/#organization","name":"Berger","url":"https:\/\/www.berger.ca\/es\/","logo":{"@type":"ImageObject","inLanguage":"es","@id":"https:\/\/www.berger.ca\/es\/#\/schema\/logo\/image\/","url":"https:\/\/www.berger.ca\/es\/wp-content\/uploads\/sites\/3\/2016\/07\/berger_logo_coul_seul.png","contentUrl":"https:\/\/www.berger.ca\/es\/wp-content\/uploads\/sites\/3\/2016\/07\/berger_logo_coul_seul.png","width":1257,"height":1156,"caption":"Berger"},"image":{"@id":"https:\/\/www.berger.ca\/es\/#\/schema\/logo\/image\/"},"sameAs":["https:\/\/www.facebook.com\/berger.ca\/","https:\/\/x.com\/berger_ca","https:\/\/www.instagram.com\/bergermixes\/","https:\/\/www.linkedin.com\/company\/berger-peat-moss-ltd-\/","https:\/\/www.pinterest.com\/bergerpeatmoss\/","https:\/\/www.youtube.com\/user\/tourbieresberger"]}]}},"_links":{"self":[{"href":"https:\/\/www.berger.ca\/es\/wp-json\/wp\/v2\/pages\/2027","targetHints":{"allow":["GET"]}}],"collection":[{"href":"https:\/\/www.berger.ca\/es\/wp-json\/wp\/v2\/pages"}],"about":[{"href":"https:\/\/www.berger.ca\/es\/wp-json\/wp\/v2\/types\/page"}],"author":[{"embeddable":true,"href":"https:\/\/www.berger.ca\/es\/wp-json\/wp\/v2\/users\/2"}],"replies":[{"embeddable":true,"href":"https:\/\/www.berger.ca\/es\/wp-json\/wp\/v2\/comments?post=2027"}],"version-history":[{"count":13,"href":"https:\/\/www.berger.ca\/es\/wp-json\/wp\/v2\/pages\/2027\/revisions"}],"predecessor-version":[{"id":2264,"href":"https:\/\/www.berger.ca\/es\/wp-json\/wp\/v2\/pages\/2027\/revisions\/2264"}],"up":[{"embeddable":true,"href":"https:\/\/www.berger.ca\/es\/wp-json\/wp\/v2\/pages\/267"}],"wp:attachment":[{"href":"https:\/\/www.berger.ca\/es\/wp-json\/wp\/v2\/media?parent=2027"}],"curies":[{"name":"wp","href":"https:\/\/api.w.org\/{rel}","templated":true}]}}

<div class="wysiwyg-row"><br />
<div class="column-9"></p>
<h2>Experimente el ADN de los expertos en medios de cultivo en realidad virtual</h2>
<p>Desde una <strong>experiencia de un turbal de 360°</strong> hasta mesas de cultivo en vivo, la Expo Agro Alimentaria será completamente multisensorial en Berger. En el <strong>estand n.° 342,</strong> se exhibirán los procesos de <strong>producción más rigurosos</strong> que producen los resultados de cultivo de la más alta calidad.<br />
Siempre vale la pena invertir tiempo para obtener mejores márgenes.</p>
<h3 style="color: #88ac2e;font-size: 26px;line-height: 28px">¿Dónde?</h3>
<p>Booth #342| Centro de negocio <span style="line-height: 14px"> |<br />
Carreta Irapuato &#8211; Abasolo KM 6.5<br />
Irapuato, Guanajuato, México<br />
</span></p>
<p>&nbsp;</p>
<h3 style="color: #88ac2e;font-size: 26px">¿Cuándo?</h3>
<p>Del 14 al 17 de noviembre de 2017 |<br />
De 10 a.m. a 6 p.m.</p>
<p>&nbsp;</p>
<h3 style="color: #88ac2e;font-size: 26px;line-height: 28px">EXPERIENCIA</h3>
<p>Como la innovación está en el ADN de Berger, uno de nuestros expertos hará una presentación de 60 minutos titulada <strong>“Métodos rentables para aumentar sus márgenes al producir plantas jóvenes”</strong> el Salón de Conferencias B, a las 5 p.m. ¡No puede perdérsela!</p>
<p></div></p>
<p><div class="column-3"></p>
<p>&nbsp;</p>
<p><a class="button" href="http://expoagrogto.com.mx/visitors/index" target="_blank" rel="noopener noreferrer">Inscríbase para el evento ahora </a></p>
<p><a class="button" href="https://fr.surveymonkey.com/r/irapuato17" target="_blank" rel="noopener noreferrer">Inscríbase para el<br />
hora feliz de Berger</a></p>
<h3>¡Nos vemos en Irapuato!</h3>
<p></div><br />
</div>
<a class="fancybox-media video wysiwyg-vid" href="https://vimeo.com/232974757/3f98c1e2ca"><div class="single-tile" style="background-image: url(https://www.berger.ca/en/wp-content/uploads/sites/2/2017/05/video_teaser360.jpg)"><div class="overlay"></div><div class="vert-center"><div class="sm-title green icon-berger-video-icon">Video</div><div class="md-title"></div></div></div></a>
<div class="wysiwyg-quotes"><span style="color: #ffffff;font-size: 17pt">Especialista en el arte de las mezclas para cultivos</span></div>

<!-- This site is optimized with the Yoast SEO plugin v27.4 - https://yoast.com/product/yoast-seo-wordpress/ -->
<title>Expo Agro Alimentaria 2017 - Berger - ES</title>
<meta name="robots" content="index, follow, max-snippet:-1, max-image-preview:large, max-video-preview:-1" />
<link rel="canonical" href="https://www.berger.ca/es/recursos-para-los-productores/seminarios-tecnicos-y-eventos/expo-agro-alimentaria/" />
<meta property="og:locale" content="es_ES" />
<meta property="og:type" content="article" />
<meta property="og:title" content="Expo Agro Alimentaria 2017 - Berger - ES" />
<meta property="og:url" content="https://www.berger.ca/es/recursos-para-los-productores/seminarios-tecnicos-y-eventos/expo-agro-alimentaria/" />
<meta property="og:site_name" content="Berger - ES" />
<meta property="article:publisher" content="https://www.facebook.com/berger.ca/" />
<meta property="article:modified_time" content="2017-11-06T20:32:06+00:00" />
<meta name="twitter:card" content="summary_large_image" />
<meta name="twitter:site" content="@berger_ca" />
<meta name="twitter:label1" content="Tiempo de lectura" />
	<meta name="twitter:data1" content="1 minuto" />
<script type="application/ld+json" class="yoast-schema-graph">{"@context":"https:\/\/schema.org","@graph":[{"@type":"WebPage","@id":"https:\/\/www.berger.ca\/es\/recursos-para-los-productores\/seminarios-tecnicos-y-eventos\/expo-agro-alimentaria\/","url":"https:\/\/www.berger.ca\/es\/recursos-para-los-productores\/seminarios-tecnicos-y-eventos\/expo-agro-alimentaria\/","name":"Expo Agro Alimentaria 2017 - Berger - ES","isPartOf":{"@id":"https:\/\/www.berger.ca\/es\/#website"},"datePublished":"2017-09-08T12:40:03+00:00","dateModified":"2017-11-06T20:32:06+00:00","breadcrumb":{"@id":"https:\/\/www.berger.ca\/es\/recursos-para-los-productores\/seminarios-tecnicos-y-eventos\/expo-agro-alimentaria\/#breadcrumb"},"inLanguage":"es","potentialAction":[{"@type":"ReadAction","target":["https:\/\/www.berger.ca\/es\/recursos-para-los-productores\/seminarios-tecnicos-y-eventos\/expo-agro-alimentaria\/"]}]},{"@type":"BreadcrumbList","@id":"https:\/\/www.berger.ca\/es\/recursos-para-los-productores\/seminarios-tecnicos-y-eventos\/expo-agro-alimentaria\/#breadcrumb","itemListElement":[{"@type":"ListItem","position":1,"name":"Recursos para los productores","item":"https:\/\/www.berger.ca\/es\/recursos-para-los-productores\/"},{"@type":"ListItem","position":2,"name":"Seminarios técnicos y eventos","item":"https:\/\/www.berger.ca\/es\/recursos-para-los-productores\/seminarios-tecnicos-y-eventos\/"},{"@type":"ListItem","position":3,"name":"Expo Agro Alimentaria 2017"}]},{"@type":"WebSite","@id":"https:\/\/www.berger.ca\/es\/#website","url":"https:\/\/www.berger.ca\/es\/","name":"Berger - ES","description":"Un site utilisant Sites Berger","publisher":{"@id":"https:\/\/www.berger.ca\/es\/#organization"},"potentialAction":[{"@type":"SearchAction","target":{"@type":"EntryPoint","urlTemplate":"https:\/\/www.berger.ca\/es\/?s={search_term_string}"},"query-input":{"@type":"PropertyValueSpecification","valueRequired":true,"valueName":"search_term_string"}}],"inLanguage":"es"},{"@type":"Organization","@id":"https:\/\/www.berger.ca\/es\/#organization","name":"Berger","url":"https:\/\/www.berger.ca\/es\/","logo":{"@type":"ImageObject","inLanguage":"es","@id":"https:\/\/www.berger.ca\/es\/#\/schema\/logo\/image\/","url":"https:\/\/www.berger.ca\/es\/wp-content\/uploads\/sites\/3\/2016\/07\/berger_logo_coul_seul.png","contentUrl":"https:\/\/www.berger.ca\/es\/wp-content\/uploads\/sites\/3\/2016\/07\/berger_logo_coul_seul.png","width":1257,"height":1156,"caption":"Berger"},"image":{"@id":"https:\/\/www.berger.ca\/es\/#\/schema\/logo\/image\/"},"sameAs":["https:\/\/www.facebook.com\/berger.ca\/","https:\/\/x.com\/berger_ca","https:\/\/www.instagram.com\/bergermixes\/","https:\/\/www.linkedin.com\/company\/berger-peat-moss-ltd-\/","https:\/\/www.pinterest.com\/bergerpeatmoss\/","https:\/\/www.youtube.com\/user\/tourbieresberger"]}]}</script>
<!-- / Yoast SEO plugin. -->

Seminarios técnicos y eventos
