{"id":480,"date":"2016-05-29T21:46:53","date_gmt":"2016-05-29T20:46:53","guid":{"rendered":"https:\/\/www.berger.ca\/es\/?page_id=480"},"modified":"2017-11-06T21:22:29","modified_gmt":"2017-11-06T20:22:29","slug":"sociedad","status":"publish","type":"page","link":"https:\/\/www.berger.ca\/es\/acerca-de-berger\/resposabilidad-social\/sociedad\/","title":{"rendered":"Sociedad\u00a0"},"content":{"rendered":"<h2>Porque \u201csociedad\u201d rima con \u201cresponsabilidad\u201d<\/h2>\n<p>Siempre atenta al bienestar de la comunidad, Berger implement\u00f3 distintas iniciativas que permiten <strong>mejorar las condiciones de vida<\/strong> tanto de sus empleados como de las diferentes comunidades en las que la empresa opera.<\/p>\n<div class=\"wysiwyg-row\"><br \/>\n<div class=\"column-6\"><\/p>\n<h4>An\u00e1lisis del ciclo de vida<\/h4>\n<p>En colaboraci\u00f3n con la<em> Association des producteurs de tourbe horticole du Qu\u00e9bec<\/em> (Asociaci\u00f3n de Productores de Turba de Quebec) y el grupo AG\u00c9CO, Berger particip\u00f3 en un estudio de an\u00e1lisis social del <strong>ciclo de vida de la industria de la turba hort\u00edcola<\/strong>.<br \/>\nLa empresa tambi\u00e9n realiz\u00f3 sus propios an\u00e1lisis sociales y ambientales en materia de ciclo de vida. Los resultados fueron reveladores.<\/p>\n<h4>Compromiso con las distintas comunidades<\/h4>\n<p>Para Berger, el desarrollo y bienestar de las comunidades en donde nos establecimos tiene mucha importancia. Por esta raz\u00f3n, nos comprometemos de manera responsable con ellas, principalmente mediante la puesta pr\u00e1ctica de asociaciones de patrocinio. Berger participa en proyectos que reflejan las necesidades de las comunidades, el dinamismo y la <strong>base familiar de la empresa<\/strong>. Esta deferencia se extiende asimismo a las actividades culturales, deportivas o comunitarias, lo que permite mantener y crear un entorno de vida tan estimulante como din\u00e1mico para las comunidades. Asimismo, Berger tambi\u00e9n deja su huella en el mundo de la cultura. Desde el a\u00f1o pasado, la empresa ha firmado dos importantes acuerdos de patrocinio con centros culturales: el Centro Cultural Berger y el Vieux-Th\u00e9\u00e2tre de St-Fabien para la creaci\u00f3n de una Escena Berger. La plaza Berger, lugar de encuentro para los grandes eventos situado en la municipalidad de Saint-Antonin, es, igualmente, otra de nuestras<strong> importantes contribuciones<\/strong>.<br \/>\n<\/div><br \/>\n<div class=\"column-6\"><\/p>\n<h4>Empleados saludables<\/h4>\n<p>La <strong>salud y la seguridad en el trabajo<\/strong> son una preocupaci\u00f3n constante de Berger. La empresa desea mantener un entorno sano para los empleados, que adem\u00e1s est\u00e1n familiarizados con el tema. Coordinado por un comit\u00e9 de miembros del equipo Berger, el <strong>plan de prevenci\u00f3n<\/strong> se revisa anualmente en el marco de las auditor\u00edas de certificaci\u00f3n <em><strong>Veriflora\u00ae<\/strong><\/em> Gesti\u00f3n responsable de las turberas.<\/p>\n<p>Como complemento de una amplia <strong>gama de beneficios para los empleados<\/strong>, la empresa propone medidas de equilibrio entre el trabajo y la familia. El compromiso de la direcci\u00f3n se traduce en un proceso de consulta permanente a los empleados para conocer su satisfacci\u00f3n en el trabajo y su visi\u00f3n de la empresa.<\/p>\n<p>Adem\u00e1s de ofrecer<strong> condiciones de trabajo seguras y ventajosas<\/strong>, Berger se mantiene constantemente al tanto de las tendencias en gesti\u00f3n de recursos humanos. Dedicada a valorar los puntos fuertes y las competencias de cada individuo, la empresa considera prioritario ofrecer capacitaci\u00f3n continua a sus empleados.<br \/>\n<\/div><br \/>\n<\/div>\n","protected":false},"excerpt":{"rendered":"<p>Porque \u201csociedad\u201d rima con \u201cresponsabilidad\u201d Siempre atenta al bienestar de la comunidad, Berger implement\u00f3 distintas iniciativas que permiten mejorar las condiciones de vida tanto de sus empleados como de las diferentes comunidades en las que la empresa opera.<\/p>\n","protected":false},"author":2,"featured_media":0,"parent":288,"menu_order":0,"comment_status":"closed","ping_status":"closed","template":"template-wysiwyg.php","meta":{"_acf_changed":false,"footnotes":""},"class_list":["post-480","page","type-page","status-publish","hentry"],"acf":[],"yoast_head":"<!-- This site is optimized with the Yoast SEO plugin v27.4 - https:\/\/yoast.com\/product\/yoast-seo-wordpress\/ -->\n<title>Sociedad\u00a0 - Berger - ES<\/title>\n<meta name=\"description\" content=\"Porque \u201csociedad\u201d rima con \u201cresponsabilidad\u201d La salud y la seguridad en el trabajo son una preocupaci\u00f3n constante de Berger.\" \/>\n<meta name=\"robots\" content=\"index, follow, max-snippet:-1, max-image-preview:large, max-video-preview:-1\" \/>\n<link rel=\"canonical\" href=\"https:\/\/www.berger.ca\/es\/acerca-de-berger\/resposabilidad-social\/sociedad\/\" \/>\n<meta property=\"og:locale\" content=\"es_ES\" \/>\n<meta property=\"og:type\" content=\"article\" \/>\n<meta property=\"og:title\" content=\"Sociedad\u00a0 - Berger - ES\" \/>\n<meta property=\"og:description\" content=\"Porque \u201csociedad\u201d rima con \u201cresponsabilidad\u201d La salud y la seguridad en el trabajo son una preocupaci\u00f3n constante de Berger.\" \/>\n<meta property=\"og:url\" content=\"https:\/\/www.berger.ca\/es\/acerca-de-berger\/resposabilidad-social\/sociedad\/\" \/>\n<meta property=\"og:site_name\" content=\"Berger - ES\" \/>\n<meta property=\"article:publisher\" content=\"https:\/\/www.facebook.com\/berger.ca\/\" \/>\n<meta property=\"article:modified_time\" content=\"2017-11-06T20:22:29+00:00\" \/>\n<meta name=\"twitter:card\" content=\"summary_large_image\" \/>\n<meta name=\"twitter:site\" content=\"@berger_ca\" \/>\n<meta name=\"twitter:label1\" content=\"Tiempo de lectura\" \/>\n\t<meta name=\"twitter:data1\" content=\"2 minutos\" \/>\n<script type=\"application\/ld+json\" class=\"yoast-schema-graph\">{\"@context\":\"https:\\\/\\\/schema.org\",\"@graph\":[{\"@type\":\"WebPage\",\"@id\":\"https:\\\/\\\/www.berger.ca\\\/es\\\/acerca-de-berger\\\/resposabilidad-social\\\/sociedad\\\/\",\"url\":\"https:\\\/\\\/www.berger.ca\\\/es\\\/acerca-de-berger\\\/resposabilidad-social\\\/sociedad\\\/\",\"name\":\"Sociedad\u00a0 - Berger - ES\",\"isPartOf\":{\"@id\":\"https:\\\/\\\/www.berger.ca\\\/es\\\/#website\"},\"datePublished\":\"2016-05-29T20:46:53+00:00\",\"dateModified\":\"2017-11-06T20:22:29+00:00\",\"description\":\"Porque \u201csociedad\u201d rima con \u201cresponsabilidad\u201d La salud y la seguridad en el trabajo son una preocupaci\u00f3n constante de Berger.\",\"breadcrumb\":{\"@id\":\"https:\\\/\\\/www.berger.ca\\\/es\\\/acerca-de-berger\\\/resposabilidad-social\\\/sociedad\\\/#breadcrumb\"},\"inLanguage\":\"es\",\"potentialAction\":[{\"@type\":\"ReadAction\",\"target\":[\"https:\\\/\\\/www.berger.ca\\\/es\\\/acerca-de-berger\\\/resposabilidad-social\\\/sociedad\\\/\"]}]},{\"@type\":\"BreadcrumbList\",\"@id\":\"https:\\\/\\\/www.berger.ca\\\/es\\\/acerca-de-berger\\\/resposabilidad-social\\\/sociedad\\\/#breadcrumb\",\"itemListElement\":[{\"@type\":\"ListItem\",\"position\":1,\"name\":\"Acerca de Berger\",\"item\":\"https:\\\/\\\/www.berger.ca\\\/es\\\/acerca-de-berger\\\/\"},{\"@type\":\"ListItem\",\"position\":2,\"name\":\"Resposabilidad social\",\"item\":\"https:\\\/\\\/www.berger.ca\\\/es\\\/acerca-de-berger\\\/resposabilidad-social\\\/\"},{\"@type\":\"ListItem\",\"position\":3,\"name\":\"Sociedad\u00a0\"}]},{\"@type\":\"WebSite\",\"@id\":\"https:\\\/\\\/www.berger.ca\\\/es\\\/#website\",\"url\":\"https:\\\/\\\/www.berger.ca\\\/es\\\/\",\"name\":\"Berger - ES\",\"description\":\"Un site utilisant Sites Berger\",\"publisher\":{\"@id\":\"https:\\\/\\\/www.berger.ca\\\/es\\\/#organization\"},\"potentialAction\":[{\"@type\":\"SearchAction\",\"target\":{\"@type\":\"EntryPoint\",\"urlTemplate\":\"https:\\\/\\\/www.berger.ca\\\/es\\\/?s={search_term_string}\"},\"query-input\":{\"@type\":\"PropertyValueSpecification\",\"valueRequired\":true,\"valueName\":\"search_term_string\"}}],\"inLanguage\":\"es\"},{\"@type\":\"Organization\",\"@id\":\"https:\\\/\\\/www.berger.ca\\\/es\\\/#organization\",\"name\":\"Berger\",\"url\":\"https:\\\/\\\/www.berger.ca\\\/es\\\/\",\"logo\":{\"@type\":\"ImageObject\",\"inLanguage\":\"es\",\"@id\":\"https:\\\/\\\/www.berger.ca\\\/es\\\/#\\\/schema\\\/logo\\\/image\\\/\",\"url\":\"https:\\\/\\\/www.berger.ca\\\/es\\\/wp-content\\\/uploads\\\/sites\\\/3\\\/2016\\\/07\\\/berger_logo_coul_seul.png\",\"contentUrl\":\"https:\\\/\\\/www.berger.ca\\\/es\\\/wp-content\\\/uploads\\\/sites\\\/3\\\/2016\\\/07\\\/berger_logo_coul_seul.png\",\"width\":1257,\"height\":1156,\"caption\":\"Berger\"},\"image\":{\"@id\":\"https:\\\/\\\/www.berger.ca\\\/es\\\/#\\\/schema\\\/logo\\\/image\\\/\"},\"sameAs\":[\"https:\\\/\\\/www.facebook.com\\\/berger.ca\\\/\",\"https:\\\/\\\/x.com\\\/berger_ca\",\"https:\\\/\\\/www.instagram.com\\\/bergermixes\\\/\",\"https:\\\/\\\/www.linkedin.com\\\/company\\\/berger-peat-moss-ltd-\\\/\",\"https:\\\/\\\/www.pinterest.com\\\/bergerpeatmoss\\\/\",\"https:\\\/\\\/www.youtube.com\\\/user\\\/tourbieresberger\"]}]}<\/script>\n<!-- \/ Yoast SEO plugin. -->","yoast_head_json":{"title":"Sociedad\u00a0 - Berger - ES","description":"Porque \u201csociedad\u201d rima con \u201cresponsabilidad\u201d La salud y la seguridad en el trabajo son una preocupaci\u00f3n constante de Berger.","robots":{"index":"index","follow":"follow","max-snippet":"max-snippet:-1","max-image-preview":"max-image-preview:large","max-video-preview":"max-video-preview:-1"},"canonical":"https:\/\/www.berger.ca\/es\/acerca-de-berger\/resposabilidad-social\/sociedad\/","og_locale":"es_ES","og_type":"article","og_title":"Sociedad\u00a0 - Berger - ES","og_description":"Porque \u201csociedad\u201d rima con \u201cresponsabilidad\u201d La salud y la seguridad en el trabajo son una preocupaci\u00f3n constante de Berger.","og_url":"https:\/\/www.berger.ca\/es\/acerca-de-berger\/resposabilidad-social\/sociedad\/","og_site_name":"Berger - ES","article_publisher":"https:\/\/www.facebook.com\/berger.ca\/","article_modified_time":"2017-11-06T20:22:29+00:00","twitter_card":"summary_large_image","twitter_site":"@berger_ca","twitter_misc":{"Tiempo de lectura":"2 minutos"},"schema":{"@context":"https:\/\/schema.org","@graph":[{"@type":"WebPage","@id":"https:\/\/www.berger.ca\/es\/acerca-de-berger\/resposabilidad-social\/sociedad\/","url":"https:\/\/www.berger.ca\/es\/acerca-de-berger\/resposabilidad-social\/sociedad\/","name":"Sociedad\u00a0 - Berger - ES","isPartOf":{"@id":"https:\/\/www.berger.ca\/es\/#website"},"datePublished":"2016-05-29T20:46:53+00:00","dateModified":"2017-11-06T20:22:29+00:00","description":"Porque \u201csociedad\u201d rima con \u201cresponsabilidad\u201d La salud y la seguridad en el trabajo son una preocupaci\u00f3n constante de Berger.","breadcrumb":{"@id":"https:\/\/www.berger.ca\/es\/acerca-de-berger\/resposabilidad-social\/sociedad\/#breadcrumb"},"inLanguage":"es","potentialAction":[{"@type":"ReadAction","target":["https:\/\/www.berger.ca\/es\/acerca-de-berger\/resposabilidad-social\/sociedad\/"]}]},{"@type":"BreadcrumbList","@id":"https:\/\/www.berger.ca\/es\/acerca-de-berger\/resposabilidad-social\/sociedad\/#breadcrumb","itemListElement":[{"@type":"ListItem","position":1,"name":"Acerca de Berger","item":"https:\/\/www.berger.ca\/es\/acerca-de-berger\/"},{"@type":"ListItem","position":2,"name":"Resposabilidad social","item":"https:\/\/www.berger.ca\/es\/acerca-de-berger\/resposabilidad-social\/"},{"@type":"ListItem","position":3,"name":"Sociedad\u00a0"}]},{"@type":"WebSite","@id":"https:\/\/www.berger.ca\/es\/#website","url":"https:\/\/www.berger.ca\/es\/","name":"Berger - ES","description":"Un site utilisant Sites Berger","publisher":{"@id":"https:\/\/www.berger.ca\/es\/#organization"},"potentialAction":[{"@type":"SearchAction","target":{"@type":"EntryPoint","urlTemplate":"https:\/\/www.berger.ca\/es\/?s={search_term_string}"},"query-input":{"@type":"PropertyValueSpecification","valueRequired":true,"valueName":"search_term_string"}}],"inLanguage":"es"},{"@type":"Organization","@id":"https:\/\/www.berger.ca\/es\/#organization","name":"Berger","url":"https:\/\/www.berger.ca\/es\/","logo":{"@type":"ImageObject","inLanguage":"es","@id":"https:\/\/www.berger.ca\/es\/#\/schema\/logo\/image\/","url":"https:\/\/www.berger.ca\/es\/wp-content\/uploads\/sites\/3\/2016\/07\/berger_logo_coul_seul.png","contentUrl":"https:\/\/www.berger.ca\/es\/wp-content\/uploads\/sites\/3\/2016\/07\/berger_logo_coul_seul.png","width":1257,"height":1156,"caption":"Berger"},"image":{"@id":"https:\/\/www.berger.ca\/es\/#\/schema\/logo\/image\/"},"sameAs":["https:\/\/www.facebook.com\/berger.ca\/","https:\/\/x.com\/berger_ca","https:\/\/www.instagram.com\/bergermixes\/","https:\/\/www.linkedin.com\/company\/berger-peat-moss-ltd-\/","https:\/\/www.pinterest.com\/bergerpeatmoss\/","https:\/\/www.youtube.com\/user\/tourbieresberger"]}]}},"_links":{"self":[{"href":"https:\/\/www.berger.ca\/es\/wp-json\/wp\/v2\/pages\/480","targetHints":{"allow":["GET"]}}],"collection":[{"href":"https:\/\/www.berger.ca\/es\/wp-json\/wp\/v2\/pages"}],"about":[{"href":"https:\/\/www.berger.ca\/es\/wp-json\/wp\/v2\/types\/page"}],"author":[{"embeddable":true,"href":"https:\/\/www.berger.ca\/es\/wp-json\/wp\/v2\/users\/2"}],"replies":[{"embeddable":true,"href":"https:\/\/www.berger.ca\/es\/wp-json\/wp\/v2\/comments?post=480"}],"version-history":[{"count":7,"href":"https:\/\/www.berger.ca\/es\/wp-json\/wp\/v2\/pages\/480\/revisions"}],"predecessor-version":[{"id":2257,"href":"https:\/\/www.berger.ca\/es\/wp-json\/wp\/v2\/pages\/480\/revisions\/2257"}],"up":[{"embeddable":true,"href":"https:\/\/www.berger.ca\/es\/wp-json\/wp\/v2\/pages\/288"}],"wp:attachment":[{"href":"https:\/\/www.berger.ca\/es\/wp-json\/wp\/v2\/media?parent=480"}],"curies":[{"name":"wp","href":"https:\/\/api.w.org\/{rel}","templated":true}]}}

<h2>Porque “sociedad” rima con “responsabilidad”</h2>
<p>Siempre atenta al bienestar de la comunidad, Berger implementó distintas iniciativas que permiten <strong>mejorar las condiciones de vida</strong> tanto de sus empleados como de las diferentes comunidades en las que la empresa opera.</p>
<div class="wysiwyg-row"><br />
<div class="column-6"></p>
<h4>Análisis del ciclo de vida</h4>
<p>En colaboración con la<em> Association des producteurs de tourbe horticole du Québec</em> (Asociación de Productores de Turba de Quebec) y el grupo AGÉCO, Berger participó en un estudio de análisis social del <strong>ciclo de vida de la industria de la turba hortícola</strong>.<br />
La empresa también realizó sus propios análisis sociales y ambientales en materia de ciclo de vida. Los resultados fueron reveladores.</p>
<h4>Compromiso con las distintas comunidades</h4>
<p>Para Berger, el desarrollo y bienestar de las comunidades en donde nos establecimos tiene mucha importancia. Por esta razón, nos comprometemos de manera responsable con ellas, principalmente mediante la puesta práctica de asociaciones de patrocinio. Berger participa en proyectos que reflejan las necesidades de las comunidades, el dinamismo y la <strong>base familiar de la empresa</strong>. Esta deferencia se extiende asimismo a las actividades culturales, deportivas o comunitarias, lo que permite mantener y crear un entorno de vida tan estimulante como dinámico para las comunidades. Asimismo, Berger también deja su huella en el mundo de la cultura. Desde el año pasado, la empresa ha firmado dos importantes acuerdos de patrocinio con centros culturales: el Centro Cultural Berger y el Vieux-Théâtre de St-Fabien para la creación de una Escena Berger. La plaza Berger, lugar de encuentro para los grandes eventos situado en la municipalidad de Saint-Antonin, es, igualmente, otra de nuestras<strong> importantes contribuciones</strong>.<br />
</div><br />
<div class="column-6"></p>
<h4>Empleados saludables</h4>
<p>La <strong>salud y la seguridad en el trabajo</strong> son una preocupación constante de Berger. La empresa desea mantener un entorno sano para los empleados, que además están familiarizados con el tema. Coordinado por un comité de miembros del equipo Berger, el <strong>plan de prevención</strong> se revisa anualmente en el marco de las auditorías de certificación <em><strong>Veriflora®</strong></em> Gestión responsable de las turberas.</p>
<p>Como complemento de una amplia <strong>gama de beneficios para los empleados</strong>, la empresa propone medidas de equilibrio entre el trabajo y la familia. El compromiso de la dirección se traduce en un proceso de consulta permanente a los empleados para conocer su satisfacción en el trabajo y su visión de la empresa.</p>
<p>Además de ofrecer<strong> condiciones de trabajo seguras y ventajosas</strong>, Berger se mantiene constantemente al tanto de las tendencias en gestión de recursos humanos. Dedicada a valorar los puntos fuertes y las competencias de cada individuo, la empresa considera prioritario ofrecer capacitación continua a sus empleados.<br />
</div><br />
</div>

<p>Porque “sociedad” rima con “responsabilidad” Siempre atenta al bienestar de la comunidad, Berger implementó distintas iniciativas que permiten mejorar las condiciones de vida tanto de sus empleados como de las diferentes comunidades en las que la empresa opera.</p>

<!-- This site is optimized with the Yoast SEO plugin v27.4 - https://yoast.com/product/yoast-seo-wordpress/ -->
<title>Sociedad  - Berger - ES</title>
<meta name="description" content="Porque “sociedad” rima con “responsabilidad” La salud y la seguridad en el trabajo son una preocupación constante de Berger." />
<meta name="robots" content="index, follow, max-snippet:-1, max-image-preview:large, max-video-preview:-1" />
<link rel="canonical" href="https://www.berger.ca/es/acerca-de-berger/resposabilidad-social/sociedad/" />
<meta property="og:locale" content="es_ES" />
<meta property="og:type" content="article" />
<meta property="og:title" content="Sociedad  - Berger - ES" />
<meta property="og:description" content="Porque “sociedad” rima con “responsabilidad” La salud y la seguridad en el trabajo son una preocupación constante de Berger." />
<meta property="og:url" content="https://www.berger.ca/es/acerca-de-berger/resposabilidad-social/sociedad/" />
<meta property="og:site_name" content="Berger - ES" />
<meta property="article:publisher" content="https://www.facebook.com/berger.ca/" />
<meta property="article:modified_time" content="2017-11-06T20:22:29+00:00" />
<meta name="twitter:card" content="summary_large_image" />
<meta name="twitter:site" content="@berger_ca" />
<meta name="twitter:label1" content="Tiempo de lectura" />
	<meta name="twitter:data1" content="2 minutos" />
<script type="application/ld+json" class="yoast-schema-graph">{"@context":"https:\/\/schema.org","@graph":[{"@type":"WebPage","@id":"https:\/\/www.berger.ca\/es\/acerca-de-berger\/resposabilidad-social\/sociedad\/","url":"https:\/\/www.berger.ca\/es\/acerca-de-berger\/resposabilidad-social\/sociedad\/","name":"Sociedad  - Berger - ES","isPartOf":{"@id":"https:\/\/www.berger.ca\/es\/#website"},"datePublished":"2016-05-29T20:46:53+00:00","dateModified":"2017-11-06T20:22:29+00:00","description":"Porque “sociedad” rima con “responsabilidad” La salud y la seguridad en el trabajo son una preocupación constante de Berger.","breadcrumb":{"@id":"https:\/\/www.berger.ca\/es\/acerca-de-berger\/resposabilidad-social\/sociedad\/#breadcrumb"},"inLanguage":"es","potentialAction":[{"@type":"ReadAction","target":["https:\/\/www.berger.ca\/es\/acerca-de-berger\/resposabilidad-social\/sociedad\/"]}]},{"@type":"BreadcrumbList","@id":"https:\/\/www.berger.ca\/es\/acerca-de-berger\/resposabilidad-social\/sociedad\/#breadcrumb","itemListElement":[{"@type":"ListItem","position":1,"name":"Acerca de Berger","item":"https:\/\/www.berger.ca\/es\/acerca-de-berger\/"},{"@type":"ListItem","position":2,"name":"Resposabilidad social","item":"https:\/\/www.berger.ca\/es\/acerca-de-berger\/resposabilidad-social\/"},{"@type":"ListItem","position":3,"name":"Sociedad "}]},{"@type":"WebSite","@id":"https:\/\/www.berger.ca\/es\/#website","url":"https:\/\/www.berger.ca\/es\/","name":"Berger - ES","description":"Un site utilisant Sites Berger","publisher":{"@id":"https:\/\/www.berger.ca\/es\/#organization"},"potentialAction":[{"@type":"SearchAction","target":{"@type":"EntryPoint","urlTemplate":"https:\/\/www.berger.ca\/es\/?s={search_term_string}"},"query-input":{"@type":"PropertyValueSpecification","valueRequired":true,"valueName":"search_term_string"}}],"inLanguage":"es"},{"@type":"Organization","@id":"https:\/\/www.berger.ca\/es\/#organization","name":"Berger","url":"https:\/\/www.berger.ca\/es\/","logo":{"@type":"ImageObject","inLanguage":"es","@id":"https:\/\/www.berger.ca\/es\/#\/schema\/logo\/image\/","url":"https:\/\/www.berger.ca\/es\/wp-content\/uploads\/sites\/3\/2016\/07\/berger_logo_coul_seul.png","contentUrl":"https:\/\/www.berger.ca\/es\/wp-content\/uploads\/sites\/3\/2016\/07\/berger_logo_coul_seul.png","width":1257,"height":1156,"caption":"Berger"},"image":{"@id":"https:\/\/www.berger.ca\/es\/#\/schema\/logo\/image\/"},"sameAs":["https:\/\/www.facebook.com\/berger.ca\/","https:\/\/x.com\/berger_ca","https:\/\/www.instagram.com\/bergermixes\/","https:\/\/www.linkedin.com\/company\/berger-peat-moss-ltd-\/","https:\/\/www.pinterest.com\/bergerpeatmoss\/","https:\/\/www.youtube.com\/user\/tourbieresberger"]}]}</script>
<!-- / Yoast SEO plugin. -->

Porque “sociedad” rima con “responsabilidad” La salud y la seguridad en el trabajo son una preocupación constante de Berger.
